it of 2 + z*3/(-6)?
3
Let k(f) = -2*f - 5. Let h be k(-5). Suppose h*j + 0*j - 10 = 0. Suppose j = -i + 3*i. What is the units digit of i?
1
Let r = 127 - 72. Let h = r - 39. What is the tens digit of h?
1
Let j be ((-6)/(-4))/(6/16). Suppose -j*i = -3*i - 28. What is the units digit of i?
8
Let z(d) = -d**2 + 10*d - 10. Let c be z(9). What is the units digit of -2 - c/1 - -2?
1
Let d(r) = -r**3 - 6*r**2 - 4*r - 1. Let t be d(-5). Let n = t + 31. What is the tens digit of n?
2
Suppose -2*a + 0*a + 3*h = -202, -3*a = -4*h - 301. What is the units digit of a?
5
Let y = 45 + -19. What is the tens digit of 7/(7/(-2)) + y?
2
Let x(y) = -35*y - 43. What is the tens digit of x(-7)?
0
Let l(s) = 3*s**2 - 2*s - 2. Suppose 5*j - 20 = -4*p + j, -4*p + j + 25 = 0. Let m be (-7)/5 + p/(-10). What is the tens digit of l(m)?
1
Let k(y) = -27*y + 2. What is the tens digit of k(-3)?
8
Let n(h) = 22*h - 1. What is the tens digit of n(3)?
6
Let k(s) = s**2 + 9*s + 1. Let q be k(-6). Let b be (1 + 0)*25*1. Let y = b + q. What is the units digit of y?
8
Suppose 2*g + 3*k + 89 - 487 = 0, -5*k = -5*g + 1020. What is the tens digit of g?
0
Let u = 5 - 7. Let x be ((-4)/12)/(u/(-174)). Let t = -15 - x. What is the units digit of t?
4
What is the tens digit of -3 + 3*267/9?
8
Let i(q) = q**2 + 7*q + 9. Let c be i(-6). Suppose -2*t - c*t = -20. Suppose -2*d = -2*v - 16, -4*d - t*v + 2*v = -56. What is the tens digit of d?
1
Let q be 7/2 - 1/2. Suppose -5*b = -25, q*n - 12 = -2*b + 5*b. Let y = 1 + n. What is the units digit of y?
0
Let h = 551 - 379. What is the hundreds digit of h?
1
Let d(l) = 16*l + 2. What is the tens digit of d(3)?
5
Let m = 123 - 35. What is the units digit of m?
8
Suppose -u = 4 + 16. Suppose 4*n + 2*s + 2*s - 28 = 0, -4 = 3*n - 2*s. What is the units digit of ((-1)/n)/(2/u)?
5
What is the units digit of 1*(92/4 + -3)?
0
Let v = 145 + -78. What is the units digit of v?
7
Let c(u) = u**3 - 5*u**2 + 6*u - 1. Let i be c(4). Let b = i + -7. Suppose -3*g + l + 13 = b, -3*l + 8 = l. What is the units digit of g?
5
Let t(d) = d**3 + d + 5. Let v(o) = -o**2 - o. Let z be v(0). Let q be t(z). Suppose -u + q*r = 5, 3*u + 0 = 5*r + 5. What is the units digit of u?
5
Let j(k) = 2*k**2 + 20*k + 50. What is the tens digit of j(-13)?
2
Let a(k) = k**3 - k**2 + 1. Let b be a(5). Suppose 5*n = -3*u - 0*u + 154, 5*u + b = 4*n. What is the tens digit of n?
2
Let c(g) be the third derivative of 0*g + 0*g**3 + 1/120*g**6 + 1/24*g**4 + 3*g**2 + 0 - 1/30*g**5. What is the units digit of c(3)?
2
Suppose -11*t = -8*t - 141. What is the tens digit of t?
4
Let l(n) = -n**2 + 14*n - 15. What is the tens digit of l(10)?
2
Let p = 309 - 168. Suppose 5*m - 24 = p. What is the tens digit of m?
3
What is the units digit of ((-1)/3)/(16270/(-8130) - -2)?
1
Suppose -16 = 3*m - m. Let u = m - -11. Suppose -3*c - 4*a = 1, 0*a - a - u = -2*c. What is the units digit of c?
1
Let p be ((-1)/2)/(2/(-20)). Suppose 0 = 5*b - 3*w + p, -6 = -4*b - 5*w + 27. Suppose b*x = 3*x - 5. What is the units digit of x?
5
Let h be (-12)/9*(-3)/2. Suppose 0 = -2*v + 4*c + 60, 5*c = 4*v - 49 - 83. Suppose -h*u = -v + 8. What is the units digit of u?
5
Let n(c) = 31*c**3 - c + 1. What is the tens digit of n(1)?
3
Let d(v) = -v**2 + 2 + 3*v**2 - 2 - 2. What is the units digit of d(2)?
6
Suppose -2*x = x - 198. What is the tens digit of x?
6
Let m(d) = d**2 - 12*d + 17. What is the units digit of m(13)?
0
Let r be (-2 + 1)*(1 + 2). Let i be -1 + (-3 + 2)*r. Suppose i*v - f - 15 = -4*f, -3*v + 2*f = -55. What is the units digit of v?
5
Let p(g) = 4*g + 9. Let j(i) = i + 1. Suppose s + 1 = 2*s. Let l(m) = s*p(m) - 5*j(m). What is the tens digit of l(-6)?
1
Let q be (-10)/(-4)*20/25. Let o be q/10 - (-14)/5. Suppose -o*p = -4*x + 5, 5*p - 7 = -5*x + 4*x. What is the units digit of x?
2
Suppose -4*b + 62 + 6 = 0. What is the tens digit of b?
1
Suppose 0 = 4*y - 2*y. Suppose -2*x + y*x + 6 = 0. Suppose x*h - 35 = -2*h. What is the units digit of h?
7
Let d(n) = -n**2 + 3*n - 1. Let i be d(1). Let x(m) = 5*m**2 + 7*m + 7. Let o(r) = -r**2 - r - 1. Let u(k) = i*x(k) + 6*o(k). What is the units digit of u(0)?
1
Let c(v) = v - 9. What is the units digit of c(12)?
3
Let c be ((-96)/21 + 2)*7. Let r = 49 + c. What is the tens digit of r?
3
Let x(y) = -3*y + 9. Let a(f) = 2*f - 9. Let c(u) = 4*a(u) + 5*x(u). What is the tens digit of c(-4)?
3
Let j = 61 - 53. What is the units digit of j?
8
Suppose 5*b - 15 = 0, 5*n - 3*b - 150 = 2*b. What is the tens digit of n?
3
Let s(o) be the second derivative of o**3/3 - o**2 - 3*o. What is the units digit of s(5)?
8
Suppose 7 = 2*r + 5*q - 146, -2*q = 4*r - 266. What is the units digit of r?
4
Suppose 0 = -6*y + 2*y + 12. Suppose y*r = 10 - 4. What is the units digit of r?
2
Let b be (-1 - (-1 - 1))*-4. Let s(z) = 2*z**2 + 2*z. What is the tens digit of s(b)?
2
Let b = -24 + 68. What is the units digit of (-6)/(-18) + b/3?
5
Suppose -p + t - 3 = -2*p, 3*p - 2*t = 19. Suppose -5*n + p = 0, -3*n - 53 = -2*q - 0*q. What is the units digit of q?
8
Let h = 62 - -1. What is the tens digit of h?
6
Suppose -2*d - 4*o = -20, -4 = 5*o - o. Suppose 2*i - i = d. What is the tens digit of i?
1
What is the units digit of 4 - (-3 + 4)*-83?
7
Let a(n) = n**2. Let c be a(-1). What is the units digit of (0 + 23 - 3)*c?
0
Let c(s) = -s**2 + 5*s. Let t be c(4). Suppose -t*r - 4 + 8 = 0. Suppose n = -q + 6, -2*q - n + 9 = r. What is the units digit of q?
2
Let t(q) = q**2 + 7*q + 1. Suppose 0 = 2*x + 3*x + 30. Let k be t(x). What is the units digit of 4/(0 - -2) - k?
7
Let i = -6 + 7. Let w be (5 - -51) + 0/i. Suppose -3*q - 4*u = -32, -5*q = 7*u - 3*u - w. What is the units digit of q?
2
Suppose -5*s = -5*b - 25, -2*b - 6*s + 2*s = -14. Let o = b - 2. Let g = o - -7. What is the units digit of g?
4
Let x(k) = -k**3 - 9*k**2 - 3*k - 12. Let n = -1 + 5. Suppose n*g + b = g - 24, 5*b = 2*g + 33. What is the tens digit of x(g)?
1
Let w(k) = 5*k - 1. Let o be w(1). Suppose 0*r + 2*r - o = 0. Let x(s) = s**2 + 2*s. What is the units digit of x(r)?
8
Let p(o) = 2*o**2 + 4*o + 2. Let k be p(-2). Suppose -k*c = c. Suppose c*w = 2*x - 5*w + 3, -3*x - 3*w = -6. What is the units digit of x?
1
Let y be 5/(-25) - (-311)/5. Suppose -3*q = 4*u - y, -5*u + 3*q + 43 + 21 = 0. What is the units digit of u?
4
Suppose 2*d + f - 7 = 0, 2*d - f = -3*d. Let l = d + 2. Suppose l*h = -22 + 64. What is the tens digit of h?
1
What is the units digit of (-95)/(-3) + (-4)/(-3)?
3
Let h be -37*((-1 - -1) + -1). Suppose 0 = 4*r - 5*w - h, 3*r - 17 = r + w. What is the units digit of r?
8
Let j(t) = t**2 + 3*t - 14. What is the tens digit of j(8)?
7
Suppose 6*p = 2*p + 20. What is the units digit of -2*((-10)/4)/p?
1
Suppose 0 = -5*s - 5*f - 285, -3*s - 4*f - 207 = -35. Let m = -31 - s. What is the units digit of m?
5
Let u be 54 + -2 + 0/2. What is the units digit of ((-6)/(-4))/(6/u)?
3
Let i = 5 + -3. Suppose 5*y + 4*t = i*t + 23, -4*y - 4*t + 28 = 0. What is the units digit of y?
3
What is the tens digit of -197*(-2 - 1 - (1 - 3))?
9
Let f(i) = i**2 + 3*i - 7. Let u be f(-4). What is the units digit of 1/u + (-156)/(-9)?
7
What is the units digit of ((-85)/(-15))/((-2)/(-6))?
7
Let v = 18 + -13. Suppose 2*y - 26 = 3*a + 4, v*y - 5*a = 70. What is the units digit of y?
2
Suppose -w - 2 + 8 = 0. Suppose w = -0*v + v. What is the units digit of v?
6
Let q(l) be the third derivative of l**5/60 + l**4/8 + 2*l**3/3 - l**2. Suppose 0 = 4*f + 3*y + 12, 0 = -4*y. What is the units digit of q(f)?
4
Let r be 4 - (2 + -3 + 0). Suppose -r*m + 9 = -2*m. Suppose 0*w + 3*x + 42 = 2*w, -m*w + 58 = -2*x. What is the units digit of w?
8
Let i = 3 - -1. Suppose n - 3*c - 5 = 0, i*c + 1 + 35 = 5*n. Suppose n = 4*a - 8. What is the units digit of a?
4
Suppose -4*o = -4*u - 92, -2*u + 120 = 5*o - 6*u. Let w = 43 - o. What is the units digit of w/(-6)*28/(-5)?
4
Suppose -2*k = -1 - 7. Suppose -7*z = 2*l - 3*z - 18, 30 = k*l + 2*z. What is the units digit of l?
7
Suppose -6*c - 148 = -10*c. What is the units digit of c?
7
Let s(u) = u**2 + u - 1. Let k be s(1). Let w be 1 - (k - (1 + 3)). Suppose 0 = -5*v + w*f + 30, 0*v + 2*f = -3*v + 18. What is the units digit of v?
6
Suppose -3*v - 282 = -3*z, -4*v = 3 + 1. Suppose 69 = 2*n - x + 6*x, 0 = 4